lue of (18 - 35) + 1 - -22?
6
-16 + (7 - (1 + (0 - 0)) - 2)
-12
What is 5 + (-1 - -19 - (159 + -150))?
14
What is the value of (11 - (7 + 2)) + -9?
-7
What is (-7 - (-11 - -8)) + 1?
-3
Evaluate -26 + 23 + -8 + 6.
-5
What is -7 + (-34 - -15 - -54)?
28
Calculate -13 - 2 - (-29 + 8).
6
(-1 - -9) + -2 - (26 + -38) - 5
13
What is -1 + -1 - 0 - (19 + -13)?
-8
-9 + 1 + 13 - (16 + 3)
-14
What is 14 + -22 + -24 + 16?
-16
What is the value of -10 + 20 - (9 - 3) - -23?
27
-46 + 0 - (1027 + -1055)
-18
4 - (27 + -14 + -5)
-4
2 + (3 - 1) + (188 - 201)
-9
What is -10 - (-17 - (10 + -17 - 6))?
-6
(-9 - -4) + -28 + 53
20
Evaluate (-9 + 9 - 8) + 2 - 7.
-13
What is the value of -1 - 6 - (-66 + 47)?
12
Calculate -13 + (3 - -5) - (9 + -7).
-7
What is -10 + 2 + (-6 - 2 - (-3 - 2))?
-11
What is 0 + 1 + -7 + 6 + -11 + -2?
-13
What is the value of 2 + 3 + -4 - (-9 + (12 - 6))?
4
What is 34 - (26 + -20 + 14)?
14
Evaluate -16 + 0 + -11 + (14 - 22 - -22).
-13
Calculate (-2 - -1) + 9 + 2 + (-64 - -61).
7
What is the value of -20 - -3 - -15 - 5?
-7
Calculate 7 + (-85 + 16 - -18) + 18.
-26
What is the value of 3 - 6 - (1 + 0) - (19 + -26)?
3
Calculate 3 - 15 - ((20 - 11) + 1) - -5.
-17
Calculate (1 + -8 - (33 + -20)) + 47.
27
Calculate 3 - (6 - (10 + 10)).
17
What is 3 + -2 - (3 - 10 - 8)?
16
Evaluate -4 - ((0 + 10 - (28 - 30)) + -6).
-10
2 + 1 + -346 + 336
-7
Evaluate 3 + -3 - (-3 - -4 - 3).
2
Calculate (19 - (12 + -1)) + 8.
16
Calculate 16 - 34 - (-32 - 3).
17
What is -14 + -1 + 2 + 145 + -109?
23
Calculate -2 - -3 - -2 - ((-12 - -2) + -10).
23
Calculate -6 + -9 + 19 + -11.
-7
What is -77 + 64 + 9 + -9?
-13
What is -4 + 1 + 11 + 11 + (-22 - -7)?
4
Evaluate -14 + 0 + (1 - 6) - -2.
-17
What is 109 + -93 + 0 + 2 + -1?
17
Evaluate -17 + (19 - 24 - (-12 - -11)).
-21
What is -9 - (-1 - 2) - (0 - (27 + -2))?
19
-7 - ((4 - (-7 + 9)) + -6)
-3
What is -22 + 17 + (-4 - -6) + 8?
5
What is 1 + 1 + 14 - (-5 + -12 + 21)?
12
What is -1 + 5 - (-5 - (6 + -7))?
8
What is (7 - (10 + -5)) + -1 + 9 + -1?
9
What is the value of -18 + 15 - 11 - 5?
-19
Evaluate 12 + (-1 - 12 - -13).
12
Evaluate -1 + 2 - (-12 - -15) - (-7 - 1).
6
Evaluate -4 + -11 + (3 - -6) + -5.
-11
What is (112 - 105 - (-2 + (0 - -13))) + 15?
11
What is -15 + 3 + (15 - -19)?
22
Evaluate 14 - (-2 - (9 + -11)) - 13.
1
What is (-2 + 0 - 27) + -1 + (-12 - -13)?
-29
What is 19 + -23 + -5 + (0 - -25)?
16
-11 + (-12 + (-5 - (-14 + 2)) - -26)
10
Evaluate (-24 + 8 - -3) + 14.
1
Evaluate -2 + -26 - ((19 - 1) + -21 - -15).
-40
Evaluate 5 + -3 + -6 + (91 - 80).
7
-15 - (-8 - (22 - 26))
-11
-6 - (1 - 4 - (15 - 9))
3
Evaluate -8 + (-11 - -6) + -6 + 6 + -1.
-14
Calculate (-8 - -15) + ((4 - 6) + -1 - -9).
13
Calculate -4 - (-13 - (-15 + 18)).
12
16 + 1 + 20 + -18 - 46
-27
Evaluate 0 - (-12 + -15 + 32).
-5
Evaluate 16 - ((-4 - -56) + -16) - 12.
-32
6 + -10 + 3 + 11
10
What is the value of 2 + 3 - (1217 - 1246)?
34
What is (8 + 8 - 5 - 9) + 17?
19
What is 11 - (11 - 2 - -14)?
-12
What is the value of -55 + 11 + 33 - -6?
-5
Calculate (-4 - -22) + -34 + 25.
9
Calculate (73 - 77) + -18 + 9 + -3.
-16
Evaluate -1 - 2 - (-7 + (-12 - (2 - 8))).
10
What is the value of 26 - (37 + -21 - 1)?
11
What is 14 + -12 + -21 + -3?
-22
(8 - -6) + -15 - (3 + -11)
7
What is the value of (3 - 28) + 11 + 52 + -5?
33
Evaluate (-12 - -29) + (-14 - (-50 - -15)).
38
What is the value of (4 - (-14 - -7)) + (8 - 8) - -20?
31
Calculate 0 + 16 + -55 + (-2 + 2 - -4).
-35
Evaluate (-7 - 1 - (-108 - -103)) + -1.
-4
Calculate 4 - 0 - (-8 - (13 + 1 - 17)).
9
7 - 10 - (13 - 19) - -2
5
Evaluate (8 - 17) + (11 - 8 - 4).
-10
Calculate 18 + (-3 - ((2 - 2) + 6 - 3)).
12
Calculate 13 + (322 - 304 - (8 + 0)).
23
19 + -15 + (11 - 13) + 0 + -5
-3
Calculate -4 + (-16 - -20 - (2 - (-2 - 2))).
-6
Calculate -29 + -116 + 156 - (28 + (0 - -1)).
-18
Calculate -5 + 8 + -1 + 2 + -23 + -1.
-20
Calculate 16 + -4 + -14 + 10.
8
What is the value of 31 + (27 - 30 - 13)?
15
Evaluate (2 - -2) + (180 - 205).
-21
What is 1 + (-2 - (-17 - 1)) + -127 + 122?
12
What is the value of -1 + -1 + (-17 + 14 - -29) + -12?
12
What is (3 - (6 - 2) - -8) + -2 - 5?
0
What is the value of (1 - -6) + (0 - 2) + 622 + -642?
-15
Evaluate 5 + (9 - 24) - -13.
3
Evaluate 15 + 11 + -38 - -18 - 6.
0
Calculate 5 + 7 + 5 + -14.
3
What is 28 + -38 + -11 + 31?
10
5 - (-13 + 5 - -7 - 3)
9
What is the value of -20 + 1 + (8 - -2)?
-9
Calculate (-47 - -1) + -83 + 164.
35
What is the value of -8 - (-10 + -3 + 4 + 0)?
1
Calculate (-1 - 3) + 250 + -245.
1
7 + (-12 - -3) + 4 + (9 - 2)
9
Evaluate -3 + 27 + (-7 - 2) + -14.
1
Evaluate (5 - (-5 - (-6 + 15 - 10))) + -9.
0
14 + (-14 - (-9 - -14))
-5
Calculate -24 - -7 - (-3 + -3).
-11
Evaluate -3 - (8 + (23 - 18) + -31).
15
What is 3 + 0 + (19 - 30 - -16)?
8
What is -3 + 0 + (21 - 23) + -6?
-11
What is 1 + (-11 + 1 - 7) + 6?
-10
What is 10 - (9 + 4) - (0 + -17) - -2?
16
Evaluate -1 + (5 - (-6 - -7)) + 11 + 0.
14
What is 32 + -14 + 2 + -17?
3
What is 7 + (-5 - 0) + (14 - 16) + 2?
2
Calculate -5 - (-4 - -6) - (-18 + 9 - -10).
-8
What is the value of 29 - (-10 + 12 + 39)?
-12
Calculate (6 - 45 - -47) + (0 - -10).
18
What is the value of 6 + -4 + -2 - (6 - 10) - 2?
2
What is the value of -107 - -74 - (-7 - (1 + 0))?
-25
Calculate -13 - (2 - -2) - (-37 + 35).
-15
What is 22 + (0 + (-4 - 3) - -11)?
26
Calculate 6 + 0 + (27 - (-5 - -31)) + 14.
21
Calculate 7 + -4 + (22 - 14 - (0 - -7)).
4
Evaluate -2 - ((-18 - -22) + -34).
28
What is the value of (-3 - -4) + (-69 - -53)?
-15
What is the value of -202 + 186 - (-1 + 0)?
-15
What is the value of (4 - 11) + (0 - 6 - -7)?
-6
What is 7 - -6 - ((16 - -4) + -16)?
9
What is -6 - -13 - (8 - (-2 - (9 - 6)))?
-6
What is 44 - (30 - -7) - ((-7 - 1) + 1)?
14
Calculate 10 - 45 - -18 - -17.
0
Evaluate (-5 - 1) + -3 - -4 - -15.
10
Evaluate -3 + 12 + (-3 - 27) + 14.
-7
Calculate 2 + 7 + (-9 - (-10 - 1)).
11
-13 - ((-52 - -16) + 14 + -4)
13
Calculate (-7 - 6) + 13 + -15 + 9.
-6
What is the value of -3 - -6 - -7 - 7?
3
Evaluate 222 - 219 - (-6 + -1).
10
What is 11 + 35 + -69 + 38?
15
(27 - 41) + 3 + 2
-9
Calculate (7 - 4 - 16) + -1 + -1 + -5.
-20
Calculate -1075 - -1055 - (-1 + -21).
2
What is the value of 9 - ((-3 - 0) + 11 - -10)?
-9
What is -15 + -14 + 38 + -16 - 11?
-18
Evaluate -3 + (-11 - (4 + -24)).
6
What is the value of -14 - (-10 - (14 + -4 - 13))?
-7
What is the value of 72 + -89 + (-1 + 0 - 2)?
-20
Evaluate -34 + 3 - 4 - (-251 + 236).
-20
Evaluate (-1 - -1) + -2 - (-26 - -26).
-2
What is the value of -1 + -4 + (11 - 0) + (-162 - -173)?
17
Evaluate -10 + 13 + (11 - (5 + -5)).
14
Evaluate 0 + (-26 - -18 - (-10 + 3 + 0)).
-1
Calculate 17 + 0 + -1 - (5 + 8).
3
1 - -4 - (63 - 58) - 7
-7
What is 41 + -23 + (-1 - 2) + -4?
11
25 - (329 - 328 - (-14 + -1))
9
Evaluate 9 - ((-6 - (7 - 21)) + -21) - 8.
14
Evaluate (-12 - (-6 - 16)) + -3.
7
Calculate 0 + (1 - (-7 + 11 + -10 - -7)).
0
Calculate 28 - (10 + (-5 - 6) + 8 - 10).
31
What is the value of (-7 - -13) + -10 + -11 + 0?
-15
Evaluate 36 + -33 + -40 - -27.
-10
What is (9 - -1 - (-8 + -2 + 16)) + -2?
2
What is -4 - -6 - -6 - (-14 - (-17 + 1))?
6
Evaluate 14 - (-7 - -3 - -12) - -4.
10
(5 - 0) + -9 - (-23 + -4)
23
28 + (-8 - -12) - 56
-24
What is the value of (764 - 759) + 2 + -1 + (1 - 5)?
2
Calculate (5 - -8) + 3 - 15 - -13.
14
What is 7 + (-6 - (-9 + 3)) + -12 + -1?
-6
Evaluate -34 + -17 - (-24 + -4).
-23
What is the value of (-1 - -6 - 10) + (-6 - -11)?
0
What is the value of 7 + 9 - 10 - 5 - (-3 - 1)?
5
What is -5 + (-2 - -2) + (9 - 11)?
-7
Calculate (-8 - (-6 + 13 - 41)) + -12.
14
Evaluate 1 + -3 + 9 + -16 - -9.
0
Calculate 5 + 3 + (2 - -1) + -7 + 14.
18
What is the value of 258 + -237 + (-1 - 14)?
6
(2 - -6) + (6 - 19) - (3 + -12)
4
What is 1 + 10 - 21 - -10?
0
What is the value of (-5 - (0 + 2 + -2)) + (-27 - -25)?
-7
Evaluate 2 + 34 + -3 + -16.
17
(-32 - -25) + 5 + (1 - -7)
6
(34 - (-3 - (14 + -9))) + -12
30
-21 + -10 + -2 + 28
-5
Calculate (21 - (-4 - -14)) + (-7 - -11).
15
What is -572 + 535 - (-22 - -1)?
-16
Calculate 2 + (4 - -9 - 7) - -12.
20
4 + (3 - 20) + -11 + (27 - 9)
-6
Calculate 5 + -27 + 4 + 7.
-11
What is the value of 28 + -19 + -4 + 4 - (-2 - 19)?
30
4 - (-1 + 8 + 24 + -25 + 12)
-14
Evaluate (-15 - (2 + (0 - -1))) + (-310 - -313).
-15
Evaluate 2 + (1 - -10) + -8.
5
What is (2 - (1 + 3 - 2)) + -28 + 3